{"id":2881,"date":"2026-02-20T10:21:41","date_gmt":"2026-02-20T09:21:41","guid":{"rendered":"https:\/\/rollnikow.you2.pl\/?post_type=product&#038;p=2881"},"modified":"2026-03-02T18:49:10","modified_gmt":"2026-03-02T17:49:10","slug":"poidlo-zeliwne","status":"publish","type":"product","link":"https:\/\/rollnikow.you2.pl\/index.php\/produkt\/poidlo-zeliwne\/","title":{"rendered":"Poid\u0142o \u017celiwne dla zwierz\u0105t gospodarskich"},"content":{"rendered":"<div class=\"flex flex-col text-sm pb-25\">\n<article class=\"text-token-text-primary w-full focus:outline-none [--shadow-height:45px] has-data-writing-block:pointer-events-none has-data-writing-block:-mt-(--shadow-height) has-data-writing-block:pt-(--shadow-height) [&amp;:has([data-writing-block])&gt;*]:pointer-events-auto scroll-mt-[calc(var(--header-height)+min(200px,max(70px,20svh)))]\" dir=\"auto\" tabindex=\"-1\" data-turn-id=\"d35aebdb-077b-4973-a51f-40358d42b14d\" data-testid=\"conversation-turn-4\" data-scroll-anchor=\"true\" data-turn=\"assistant\">\n<div class=\"text-base my-auto mx-auto pb-10 [--thread-content-margin:--spacing(4)] @w-sm\/main:[--thread-content-margin:--spacing(6)] @w-lg\/main:[--thread-content-margin:--spacing(16)] px-(--thread-content-margin)\">\n<div class=\"[--thread-content-max-width:40rem] @w-lg\/main:[--thread-content-max-width:48rem] mx-auto max-w-(--thread-content-max-width) flex-1 group\/turn-messages focus-visible:outline-hidden relative flex w-full min-w-0 flex-col agent-turn\" tabindex=\"-1\">\n<div class=\"flex max-w-full flex-col grow\">\n<div class=\"min-h-8 text-message relative flex w-full flex-col items-end gap-2 text-start break-words whitespace-normal [.text-message+&amp;]:mt-1\" dir=\"auto\" data-message-author-role=\"assistant\" data-message-id=\"7142522e-94ee-4fc7-b392-aeed595d70a7\" data-message-model-slug=\"gpt-5-2\">\n<div class=\"flex w-full flex-col gap-1 empty:hidden first:pt-[1px]\">\n<div class=\"markdown prose dark:prose-invert w-full wrap-break-word light markdown-new-styling\">\n<h1 data-start=\"953\" data-end=\"1040\">Poid\u0142o \u017celiwne automatyczne dla byd\u0142a 2,5 L \u2013 trwa\u0142e i oszcz\u0119dne rozwi\u0105zanie do obory<\/h1>\n<p data-start=\"1042\" data-end=\"1489\">Sta\u0142y dost\u0119p do czystej wody to jeden z najwa\u017cniejszych element\u00f3w wp\u0142ywaj\u0105cych na zdrowie oraz wydajno\u015b\u0107 byd\u0142a. Wsp\u00f3\u0142czesna hodowla nie mo\u017ce pomija\u0107 znaczenia prawid\u0142owego nawodnienia, szczeg\u00f3lnie w przypadku kr\u00f3w mlecznych, kt\u00f3rych produkcja bezpo\u015brednio zale\u017cy od ilo\u015bci spo\u017cywanej wody. Produkt z kategorii <a href=\"https:\/\/rollnikow.you2.pl\/index.php\/kategoria-produktu\/poidla-dla-zwierzat\/poidla-dla-bydla\/\">poid\u0142a dla byd\u0142a<\/a>. Prezentowane <strong data-start=\"1345\" data-end=\"1382\">\u017celiwne poid\u0142o indywidualne 2,5 L<\/strong> to solidne i sprawdzone rozwi\u0105zanie przeznaczone do stanowisk uwi\u0119ziowych i indywidualnych miejsc pojenia.<\/p>\n<p data-start=\"106\" data-end=\"365\"><strong data-start=\"106\" data-end=\"142\">Poid\u0142o \u017celiwne dla zwierz\u0105t<\/strong>\u00a0to wyj\u0105tkowo trwa\u0142e i odporne rozwi\u0105zanie przeznaczone do sta\u0142ego dost\u0119pu zwierz\u0105t do \u015bwie\u017cej wody. Wykonane z masywnego \u017celiwa, sprawdza si\u0119 w intensywnie u\u017cytkowanych oborach, chlewniach oraz na wybiegach zewn\u0119trznych.<\/p>\n<p data-start=\"367\" data-end=\"492\">To element podstawowego <strong data-start=\"391\" data-end=\"412\">wyposa\u017cenia obory<\/strong>, niezb\u0119dny w profesjonalnym systemie <strong data-start=\"450\" data-end=\"469\">karmienia byd\u0142a<\/strong> i utrzymania zwierz\u0105t.<\/p>\n<hr data-start=\"494\" data-end=\"497\" \/>\n<h2 data-start=\"1491\" data-end=\"1533\">Czym jest poid\u0142o \u017celiwne j\u0119zykowe i jak dzia\u0142a?<\/h2>\n<p data-start=\"1535\" data-end=\"1692\">Poid\u0142o wyposa\u017cone jest w tzw. system j\u0119zykowy (d\u017awigniowy). Oznacza to, \u017ce dop\u0142yw wody uruchamia si\u0119 wy\u0142\u0105cznie w momencie nacisku j\u0119zyka zwierz\u0119cia na zaw\u00f3r.<\/p>\n<p data-start=\"1694\" data-end=\"1712\">Dzia\u0142anie systemu:<\/p>\n<ol data-start=\"1714\" data-end=\"1845\">\n<li data-start=\"1714\" data-end=\"1753\">\n<p data-start=\"1717\" data-end=\"1753\">Zwierz\u0119 naciska j\u0119zykiem na zaw\u00f3r.<\/p>\n<\/li>\n<li data-start=\"1754\" data-end=\"1789\">\n<p data-start=\"1757\" data-end=\"1789\">Woda zaczyna nap\u0142ywa\u0107 do misy.<\/p>\n<\/li>\n<li data-start=\"1790\" data-end=\"1845\">\n<p data-start=\"1793\" data-end=\"1845\">Po zwolnieniu nacisku przep\u0142yw zostaje zatrzymany.<\/p>\n<\/li>\n<\/ol>\n<p data-start=\"1847\" data-end=\"1865\">Takie rozwi\u0105zanie:<\/p>\n<ul data-start=\"1867\" data-end=\"1999\">\n<li data-start=\"1867\" data-end=\"1893\">\n<p data-start=\"1869\" data-end=\"1893\">ogranicza straty wody,<\/p>\n<\/li>\n<li data-start=\"1894\" data-end=\"1920\">\n<p data-start=\"1896\" data-end=\"1920\">zapobiega przelewaniu,<\/p>\n<\/li>\n<li data-start=\"1921\" data-end=\"1952\">\n<p data-start=\"1923\" data-end=\"1952\">utrzymuje wod\u0119 w czysto\u015bci,<\/p>\n<\/li>\n<li data-start=\"1953\" data-end=\"1999\">\n<p data-start=\"1955\" data-end=\"1999\">zapewnia \u015bwie\u017c\u0105 wod\u0119 przy ka\u017cdym pobraniu.<\/p>\n<\/li>\n<\/ul>\n<p data-start=\"2001\" data-end=\"2079\">To bardzo ekonomiczne i higieniczne rozwi\u0105zanie dla ob\u00f3r mlecznych i mi\u0119snych.<\/p>\n<h2 data-start=\"2081\" data-end=\"2122\">Wp\u0142yw nawodnienia na wydajno\u015b\u0107 mleczn\u0105<\/h2>\n<p data-start=\"2124\" data-end=\"2207\">Woda jest podstawowym sk\u0142adnikiem mleka. Niedostateczne nawodnienie mo\u017ce powodowa\u0107:<\/p>\n<ul data-start=\"2209\" data-end=\"2311\">\n<li data-start=\"2209\" data-end=\"2236\">\n<p data-start=\"2211\" data-end=\"2236\">spadek produkcji mleka,<\/p>\n<\/li>\n<li data-start=\"2237\" data-end=\"2261\">\n<p data-start=\"2239\" data-end=\"2261\">pogorszenie apetytu,<\/p>\n<\/li>\n<li data-start=\"2262\" data-end=\"2285\">\n<p data-start=\"2264\" data-end=\"2285\">problemy trawienne,<\/p>\n<\/li>\n<li data-start=\"2286\" data-end=\"2311\">\n<p data-start=\"2288\" data-end=\"2311\">obni\u017cenie odporno\u015bci.<\/p>\n<\/li>\n<\/ul>\n<p data-start=\"2313\" data-end=\"2441\">Automatyczne poid\u0142o zapewnia dost\u0119p do wody w dowolnym momencie, co bezpo\u015brednio przek\u0142ada si\u0119 na popraw\u0119 wynik\u00f3w produkcyjnych.<\/p>\n<h2 data-start=\"2443\" data-end=\"2487\">Wytrzyma\u0142a konstrukcja z odlewu \u017celiwnego<\/h2>\n<p data-start=\"2489\" data-end=\"2586\">Poid\u0142o wykonane jest z wysokiej jako\u015bci \u017celiwa (1. klasa pik odlewany). Materia\u0142 ten cechuje si\u0119:<\/p>\n<ul data-start=\"2588\" data-end=\"2736\">\n<li data-start=\"2588\" data-end=\"2622\">\n<p data-start=\"2590\" data-end=\"2622\">du\u017c\u0105 odporno\u015bci\u0105 na uderzenia,<\/p>\n<\/li>\n<li data-start=\"2623\" data-end=\"2661\">\n<p data-start=\"2625\" data-end=\"2661\">wysok\u0105 wytrzyma\u0142o\u015bci\u0105 mechaniczn\u0105,<\/p>\n<\/li>\n<li data-start=\"2662\" data-end=\"2695\">\n<p data-start=\"2664\" data-end=\"2695\">odporno\u015bci\u0105 na odkszta\u0142cenia,<\/p>\n<\/li>\n<li data-start=\"2696\" data-end=\"2736\">\n<p data-start=\"2698\" data-end=\"2736\">d\u0142ug\u0105 \u017cywotno\u015bci\u0105 w warunkach obory.<\/p>\n<\/li>\n<\/ul>\n<p data-start=\"2738\" data-end=\"2870\">Waga 5,5 kg \u015bwiadczy o solidno\u015bci konstrukcji i stabilno\u015bci monta\u017cu. Produkt jest odporny na p\u0119kni\u0119cia oraz intensywn\u0105 eksploatacj\u0119.<\/p>\n<h2 data-start=\"2872\" data-end=\"2935\">Pojemno\u015b\u0107 2,5 litra \u2013 optymalna dla stanowisk indywidualnych<\/h2>\n<p data-start=\"2937\" data-end=\"3150\">Misa o pojemno\u015bci 2,5 L doskonale sprawdza si\u0119 w stanowiskach uwi\u0119ziowych, gdzie ka\u017cda krowa ma swoje indywidualne miejsce pojenia. Woda nie zalega w nadmiarze, a system j\u0119zykowy zapewnia jej bie\u017c\u0105ce uzupe\u0142nianie.<\/p>\n<p data-start=\"3152\" data-end=\"3174\">Zalety mniejszej misy:<\/p>\n<ul data-start=\"3176\" data-end=\"3284\">\n<li data-start=\"3176\" data-end=\"3194\">\n<p data-start=\"3178\" data-end=\"3194\">\u015bwie\u017co\u015b\u0107 wody,<\/p>\n<\/li>\n<li data-start=\"3195\" data-end=\"3229\">\n<p data-start=\"3197\" data-end=\"3229\">ograniczenie rozwoju bakterii,<\/p>\n<\/li>\n<li data-start=\"3230\" data-end=\"3255\">\n<p data-start=\"3232\" data-end=\"3255\">mniejsze straty wody,<\/p>\n<\/li>\n<li data-start=\"3256\" data-end=\"3284\">\n<p data-start=\"3258\" data-end=\"3284\">lepsza kontrola zu\u017cycia.<\/p>\n<\/li>\n<\/ul>\n<h2 data-start=\"3286\" data-end=\"3340\">Elastyczne pod\u0142\u0105czenie \u2013 dop\u0142yw od g\u00f3ry lub od do\u0142u<\/h2>\n<p data-start=\"3342\" data-end=\"3526\">Produkt wyposa\u017cony jest w przy\u0142\u0105cze \u00bd cala, z mo\u017cliwo\u015bci\u0105 pod\u0142\u0105czenia wody zar\u00f3wno od g\u00f3ry, jak i od do\u0142u. Taka konstrukcja pozwala dopasowa\u0107 instalacj\u0119 do warunk\u00f3w technicznych obory.<\/p>\n<p data-start=\"3528\" data-end=\"3558\">To rozwi\u0105zanie sprawdzi si\u0119 w:<\/p>\n<ul data-start=\"3560\" data-end=\"3652\">\n<li data-start=\"3560\" data-end=\"3584\">\n<p data-start=\"3562\" data-end=\"3584\">oborach uwi\u0119ziowych,<\/p>\n<\/li>\n<li data-start=\"3585\" data-end=\"3615\">\n<p data-start=\"3587\" data-end=\"3615\">modernizowanych budynkach,<\/p>\n<\/li>\n<li data-start=\"3616\" data-end=\"3652\">\n<p data-start=\"3618\" data-end=\"3652\">nowych inwestycjach hodowlanych.<\/p>\n<\/li>\n<\/ul>\n<h2 data-start=\"3654\" data-end=\"3692\">\u0141atwy monta\u017c \u2013 gotowe do instalacji<\/h2>\n<p data-start=\"3694\" data-end=\"3718\">W zestawie znajduj\u0105 si\u0119:<\/p>\n<ul data-start=\"3720\" data-end=\"3764\">\n<li data-start=\"3720\" data-end=\"3746\">\n<p data-start=\"3722\" data-end=\"3746\">dwie obejmy monta\u017cowe,<\/p>\n<\/li>\n<li data-start=\"3747\" data-end=\"3764\">\n<p data-start=\"3749\" data-end=\"3764\">korek (tapa).<\/p>\n<\/li>\n<\/ul>\n<p data-start=\"3766\" data-end=\"3890\">Produkt dostarczany jest w wersji gotowej do monta\u017cu. Instalacja jest szybka i nie wymaga skomplikowanych prac technicznych.<\/p>\n<h2 data-start=\"3892\" data-end=\"3932\">Dlaczego warto wybra\u0107 \u017celiwne poid\u0142o?<\/h2>\n<p data-start=\"3934\" data-end=\"3986\">W por\u00f3wnaniu do modeli plastikowych \u017celiwo zapewnia:<\/p>\n<ul data-start=\"3988\" data-end=\"4102\">\n<li data-start=\"3988\" data-end=\"4009\">\n<p data-start=\"3990\" data-end=\"4009\">wi\u0119ksz\u0105 trwa\u0142o\u015b\u0107,<\/p>\n<\/li>\n<li data-start=\"4010\" data-end=\"4051\">\n<p data-start=\"4012\" data-end=\"4051\">odporno\u015b\u0107 na gryzienie i uszkodzenia,<\/p>\n<\/li>\n<li data-start=\"4052\" data-end=\"4079\">\n<p data-start=\"4054\" data-end=\"4079\">stabilno\u015b\u0107 konstrukcji,<\/p>\n<\/li>\n<li data-start=\"4080\" data-end=\"4102\">\n<p data-start=\"4082\" data-end=\"4102\">d\u0142u\u017csz\u0105 \u017cywotno\u015b\u0107.<\/p>\n<\/li>\n<\/ul>\n<p data-start=\"4104\" data-end=\"4169\">To rozwi\u0105zanie szczeg\u00f3lnie polecane do intensywnej hodowli byd\u0142a.<\/p>\n<h2 data-start=\"4171\" data-end=\"4197\">Najwa\u017cniejsze parametry<\/h2>\n<ul data-start=\"4199\" data-end=\"4396\">\n<li data-start=\"4199\" data-end=\"4219\">\n<p data-start=\"4201\" data-end=\"4219\">Pojemno\u015b\u0107: 2,5 L<\/p>\n<\/li>\n<li data-start=\"4220\" data-end=\"4251\">\n<p data-start=\"4222\" data-end=\"4251\">Materia\u0142: \u017celiwo (1. klasa)<\/p>\n<\/li>\n<li data-start=\"4252\" data-end=\"4268\">\n<p data-start=\"4254\" data-end=\"4268\">Waga: 5,5 kg<\/p>\n<\/li>\n<li data-start=\"4269\" data-end=\"4303\">\n<p data-start=\"4271\" data-end=\"4303\">System j\u0119zykowy (automatyczny)<\/p>\n<\/li>\n<li data-start=\"4304\" data-end=\"4325\">\n<p data-start=\"4306\" data-end=\"4325\">Przy\u0142\u0105cze: \u00bd cala<\/p>\n<\/li>\n<li data-start=\"4326\" data-end=\"4362\">\n<p data-start=\"4328\" data-end=\"4362\">Dop\u0142yw wody: od g\u00f3ry lub od do\u0142u<\/p>\n<\/li>\n<li data-start=\"4363\" data-end=\"4396\">\n<p data-start=\"4365\" data-end=\"4396\">2 obejmy monta\u017cowe w zestawie<\/p>\n<\/li>\n<\/ul>\n<h2 data-start=\"4398\" data-end=\"4436\">Niezb\u0119dny element wyposa\u017cenia obory<\/h2>\n<p data-start=\"4438\" data-end=\"4670\">\u017beliwne poid\u0142o automatyczne dla byd\u0142a 2,5 L to trwa\u0142e, ekonomiczne i sprawdzone rozwi\u0105zanie dla hodowc\u00f3w, kt\u00f3rzy stawiaj\u0105 na jako\u015b\u0107 i niezawodno\u015b\u0107. Zapewnia sta\u0142y dost\u0119p do \u015bwie\u017cej wody, ogranicza jej straty i wspiera zdrowie stada.<\/p>\n<h2 data-start=\"4672\" data-end=\"4782\">Je\u015bli zale\u017cy Ci na solidnym systemie pojenia w oborze, ten model b\u0119dzie praktycznym i d\u0142ugoterminowym wyborem.<\/h2>\n<p><strong>Produkty Podobne:<\/strong><\/p>\n<p><a href=\"https:\/\/rollnikow.you2.pl\/index.php\/produkt\/podwojne-poidlo\/\">-Podw\u00f3jne poid\u0142o dla ma\u0142ych prze\u017cuwaczy<\/a><\/p>\n<p><a href=\"https:\/\/rollnikow.you2.pl\/index.php\/produkt\/poidlo-zeliwne-dla-zwierzat-gospodarskich\/\">-Poid\u0142o \u017celiwne<\/a><\/p>\n<hr data-start=\"2675\" data-end=\"2678\" \/>\n<h3 data-start=\"2680\" data-end=\"2696\">Podsumowanie<\/h3>\n<p data-start=\"2698\" data-end=\"2912\">Poid\u0142o \u017celiwne to inwestycja w trwa\u0142o\u015b\u0107 i niezawodno\u015b\u0107. W profesjonalnym gospodarstwie, gdzie kluczowe znaczenie ma prawid\u0142owe <strong data-start=\"2825\" data-end=\"2843\">\u017cywienie byd\u0142a<\/strong>, odpowiedni system pojenia stanowi fundament efektywnej produkcji.<\/p>\n<p data-start=\"2914\" data-end=\"3095\" data-is-last-node=\"\" data-is-only-node=\"\">Obok takich element\u00f3w jak karmniki dla byd\u0142a, legowiska dla byd\u0142a czy wagi dla byd\u0142a, solidne poid\u0142a dla kr\u00f3w s\u0105 podstaw\u0105 nowoczesnego i dobrze zorganizowanego zaplecza hodowlanego.<\/p>\n<\/div>\n<\/div>\n<\/div>\n<\/div>\n<div class=\"z-0 flex min-h-[46px] justify-start\"><\/div>\n<div class=\"mt-3 w-full empty:hidden\">\n<div class=\"text-center\"><\/div>\n<\/div>\n<\/div>\n<\/div>\n<\/article>\n<\/div>\n<div class=\"pointer-events-none h-px w-px absolute bottom-0\" aria-hidden=\"true\" data-edge=\"true\"><\/div>\n","protected":false},"excerpt":{"rendered":"<p>Indywidualne poid\u0142o \u017celiwne dla byd\u0142a o pojemno\u015bci 2,5 litra, wyposa\u017cone w automatyczny system j\u0119zykowy. Umo\u017cliwia sta\u0142y dost\u0119p do \u015bwie\u017cej wody i znacz\u0105co ogranicza jej zu\u017cycie. Solidna konstrukcja o wadze 5,5 kg zapewnia trwa\u0142o\u015b\u0107 i odporno\u015b\u0107 na uszkodzenia.<\/p>\n","protected":false},"featured_media":3080,"comment_status":"open","ping_status":"closed","template":"","meta":[],"product_brand":[],"product_cat":[317],"product_tag":[432,434,443,439,431,441,437,433,435,436,438,430,421,440,442,419],"class_list":{"0":"post-2881","1":"product","2":"type-product","3":"status-publish","4":"has-post-thumbnail","6":"product_cat-poidla-dla-zwierzat","7":"product_tag-5l-dla-krow","8":"product_tag-automatyczne-poidlo-dla-krow","9":"product_tag-automatyczne-poidlo-zeliwne","10":"product_tag-poidlo-1-2-cala-dla-bydla","11":"product_tag-poidlo-2","12":"product_tag-poidlo-dla-krow-mlecznych","13":"product_tag-poidlo-do-obory-uwieziowej","14":"product_tag-poidlo-jezykowe-dla-bydla","15":"product_tag-poidlo-odlewane-dla-bydla","16":"product_tag-poidlo-stanowiskowe-dla-krow","17":"product_tag-poidlo-z-zaworem-jezykowym","18":"product_tag-poidlo-zeliwne-dla-bydla","19":"product_tag-profesjonalne-poidlo-dla-gospodarstwa","20":"product_tag-system-pojenia-krow","21":"product_tag-trwale-poidlo-dla-bydla","22":"product_tag-wyposazenie-obory-poidlo","24":"first","25":"instock","26":"shipping-taxable","27":"purchasable","28":"product-type-simple"},"_links":{"self":[{"href":"https:\/\/rollnikow.you2.pl\/index.php\/wp-json\/wp\/v2\/product\/2881","targetHints":{"allow":["GET"]}}],"collection":[{"href":"https:\/\/rollnikow.you2.pl\/index.php\/wp-json\/wp\/v2\/product"}],"about":[{"href":"https:\/\/rollnikow.you2.pl\/index.php\/wp-json\/wp\/v2\/types\/product"}],"replies":[{"embeddable":true,"href":"https:\/\/rollnikow.you2.pl\/index.php\/wp-json\/wp\/v2\/comments?post=2881"}],"version-history":[{"count":4,"href":"https:\/\/rollnikow.you2.pl\/index.php\/wp-json\/wp\/v2\/product\/2881\/revisions"}],"predecessor-version":[{"id":3085,"href":"https:\/\/rollnikow.you2.pl\/index.php\/wp-json\/wp\/v2\/product\/2881\/revisions\/3085"}],"wp:featuredmedia":[{"embeddable":true,"href":"https:\/\/rollnikow.you2.pl\/index.php\/wp-json\/wp\/v2\/media\/3080"}],"wp:attachment":[{"href":"https:\/\/rollnikow.you2.pl\/index.php\/wp-json\/wp\/v2\/media?parent=2881"}],"wp:term":[{"taxonomy":"product_brand","embeddable":true,"href":"https:\/\/rollnikow.you2.pl\/index.php\/wp-json\/wp\/v2\/product_brand?post=2881"},{"taxonomy":"product_cat","embeddable":true,"href":"https:\/\/rollnikow.you2.pl\/index.php\/wp-json\/wp\/v2\/product_cat?post=2881"},{"taxonomy":"product_tag","embeddable":true,"href":"https:\/\/rollnikow.you2.pl\/index.php\/wp-json\/wp\/v2\/product_tag?post=2881"}],"curies":[{"name":"wp","href":"https:\/\/api.w.org\/{rel}","templated":true}]}}