{"id":3095,"date":"2026-03-04T22:09:19","date_gmt":"2026-03-04T21:09:19","guid":{"rendered":"https:\/\/rollnikow.you2.pl\/?post_type=product&#038;p=3095"},"modified":"2026-03-04T22:09:21","modified_gmt":"2026-03-04T21:09:21","slug":"kolo-zebate-do-zgarniacza-obornika","status":"publish","type":"product","link":"https:\/\/rollnikow.you2.pl\/index.php\/produkt\/kolo-zebate-do-zgarniacza-obornika\/","title":{"rendered":"Ko\u0142o z\u0119bate do zgarniacza obornika"},"content":{"rendered":"<h1 data-start=\"977\" data-end=\"1058\">Ko\u0142o z\u0119bate do zgarniacza obornika \u2013 element nap\u0119dowy systemu czyszczenia obory<\/h1>\n<p data-start=\"1060\" data-end=\"1478\">Automatyczne systemy usuwania obornika s\u0105 dzi\u015b standardem w nowoczesnych gospodarstwach hodowlanych. Pozwalaj\u0105 utrzyma\u0107 wysoki poziom higieny w budynkach inwentarskich oraz znacznie ograniczy\u0107 nak\u0142ad pracy zwi\u0105zany z r\u0119cznym czyszczeniem obory. Jednym z kluczowych element\u00f3w takiego systemu jest <strong data-start=\"1356\" data-end=\"1391\">ko\u0142o z\u0119bate zgarniacza obornika<\/strong>, kt\u00f3re odpowiada za przekazywanie nap\u0119du z silnika na \u0142a\u0144cuch mechanizmu czyszcz\u0105cego. Produkt z kategorii <a href=\"https:\/\/rollnikow.you2.pl\/index.php\/kategoria-produktu\/zgarniacze-obornika\/\">Zgarniacze Obornika<\/a>.<\/p>\n<p data-start=\"1480\" data-end=\"1633\">Prezentowane <strong data-start=\"1493\" data-end=\"1531\">ko\u0142o z\u0119bate do zgarniacza obornika<\/strong> stanowi cz\u0119\u015b\u0107 zamienn\u0105 stosowan\u0105 w systemach mechanicznych usuwaj\u0105cych obornik z korytarzy oborowych.<\/p>\n<h2 data-start=\"1635\" data-end=\"1680\">Czym jest zgarniacz obornika i jak dzia\u0142a?<\/h2>\n<p data-start=\"1682\" data-end=\"1855\">Zgarniacz obornika to urz\u0105dzenie stosowane w oborach do automatycznego usuwania odchod\u00f3w zwierz\u0119cych z korytarzy gnojowych. System sk\u0142ada si\u0119 z kilku podstawowych element\u00f3w:<\/p>\n<ul data-start=\"1857\" data-end=\"1996\">\n<li data-start=\"1857\" data-end=\"1880\">\n<p data-start=\"1859\" data-end=\"1880\">silnika nap\u0119dowego,<\/p>\n<\/li>\n<li data-start=\"1881\" data-end=\"1909\">\n<p data-start=\"1883\" data-end=\"1909\">\u0142a\u0144cucha transportowego,<\/p>\n<\/li>\n<li data-start=\"1910\" data-end=\"1934\">\n<p data-start=\"1912\" data-end=\"1934\">\u0142opat zgarniaj\u0105cych,<\/p>\n<\/li>\n<li data-start=\"1935\" data-end=\"1949\">\n<p data-start=\"1937\" data-end=\"1949\">prowadnic,<\/p>\n<\/li>\n<li data-start=\"1950\" data-end=\"1996\">\n<p data-start=\"1952\" data-end=\"1996\">element\u00f3w nap\u0119dowych takich jak ko\u0142a z\u0119bate.<\/p>\n<\/li>\n<\/ul>\n<p data-start=\"1998\" data-end=\"2186\">Podczas pracy silnik nap\u0119dza mechanizm przek\u0142adniowy, kt\u00f3ry porusza \u0142a\u0144cuchem. Do \u0142a\u0144cucha przymocowane s\u0105 \u0142opaty zgarniaj\u0105ce, przesuwaj\u0105ce obornik wzd\u0142u\u017c korytarza do miejsca jego zbioru.<\/p>\n<h2 data-start=\"2188\" data-end=\"2231\">Rola ko\u0142a z\u0119batego w systemie zgarniacza<\/h2>\n<p data-start=\"2233\" data-end=\"2380\">Ko\u0142o z\u0119bate pe\u0142ni bardzo wa\u017cn\u0105 funkcj\u0119 w ca\u0142ym uk\u0142adzie nap\u0119dowym. Montowane jest bezpo\u015brednio na wale silnika lub w jego bezpo\u015brednim s\u0105siedztwie.<\/p>\n<p data-start=\"2382\" data-end=\"2401\">Jego zadaniem jest:<\/p>\n<ul data-start=\"2403\" data-end=\"2576\">\n<li data-start=\"2403\" data-end=\"2450\">\n<p data-start=\"2405\" data-end=\"2450\">przeniesienie momentu obrotowego z silnika,<\/p>\n<\/li>\n<li data-start=\"2451\" data-end=\"2486\">\n<p data-start=\"2453\" data-end=\"2486\">nap\u0119dzanie \u0142a\u0144cucha zgarniacza,<\/p>\n<\/li>\n<li data-start=\"2487\" data-end=\"2525\">\n<p data-start=\"2489\" data-end=\"2525\">zapewnienie p\u0142ynnej pracy systemu,<\/p>\n<\/li>\n<li data-start=\"2526\" data-end=\"2576\">\n<p data-start=\"2528\" data-end=\"2576\">utrzymanie stabilnego ruchu \u0142opat zgarniaj\u0105cych.<\/p>\n<\/li>\n<\/ul>\n<p data-start=\"2578\" data-end=\"2759\">\u0141a\u0144cuch zgarniacza owini\u0119ty jest wok\u00f3\u0142 ko\u0142a z\u0119batego. W momencie gdy silnik wprawia ko\u0142o w ruch, \u0142a\u0144cuch zaczyna si\u0119 przesuwa\u0107, co powoduje ruch \u0142opat zgarniaj\u0105cych w prz\u00f3d i w ty\u0142.<\/p>\n<h2 data-start=\"2761\" data-end=\"2801\">Znaczenie sprawnego uk\u0142adu nap\u0119dowego<\/h2>\n<p data-start=\"2803\" data-end=\"2924\">Sprawny mechanizm zgarniacza obornika ma ogromne znaczenie dla funkcjonowania obory. Regularne usuwanie odchod\u00f3w pozwala:<\/p>\n<ul data-start=\"2926\" data-end=\"3056\">\n<li data-start=\"2926\" data-end=\"2957\">\n<p data-start=\"2928\" data-end=\"2957\">utrzyma\u0107 higien\u0119 w budynku,<\/p>\n<\/li>\n<li data-start=\"2958\" data-end=\"2989\">\n<p data-start=\"2960\" data-end=\"2989\">ograniczy\u0107 emisj\u0119 amoniaku,<\/p>\n<\/li>\n<li data-start=\"2990\" data-end=\"3022\">\n<p data-start=\"2992\" data-end=\"3022\">poprawi\u0107 dobrostan zwierz\u0105t,<\/p>\n<\/li>\n<li data-start=\"3023\" data-end=\"3056\">\n<p data-start=\"3025\" data-end=\"3056\">zmniejszy\u0107 ryzyko chor\u00f3b racic.<\/p>\n<\/li>\n<\/ul>\n<p data-start=\"3058\" data-end=\"3247\">Uszkodzenie element\u00f3w nap\u0119dowych, takich jak ko\u0142o z\u0119bate, mo\u017ce prowadzi\u0107 do zatrzymania ca\u0142ego systemu czyszczenia. Dlatego tak wa\u017cne jest stosowanie trwa\u0142ych i solidnych cz\u0119\u015bci zamiennych.<\/p>\n<h2 data-start=\"3249\" data-end=\"3279\">Solidna konstrukcja stalowa<\/h2>\n<p data-start=\"3281\" data-end=\"3410\">Ko\u0142o z\u0119bate wykonane jest z wytrzyma\u0142ej stali konstrukcyjnej przystosowanej do pracy w trudnych warunkach \u015brodowiska hodowlanego.<\/p>\n<p data-start=\"3412\" data-end=\"3470\">Elementy zgarniaczy pracuj\u0105 w \u015brodowisku, gdzie wyst\u0119puj\u0105:<\/p>\n<ul data-start=\"3472\" data-end=\"3569\">\n<li data-start=\"3472\" data-end=\"3483\">\n<p data-start=\"3474\" data-end=\"3483\">wilgo\u0107,<\/p>\n<\/li>\n<li data-start=\"3484\" data-end=\"3509\">\n<p data-start=\"3486\" data-end=\"3509\">kontakt z obornikiem,<\/p>\n<\/li>\n<li data-start=\"3510\" data-end=\"3542\">\n<p data-start=\"3512\" data-end=\"3542\">du\u017ce obci\u0105\u017cenia mechaniczne,<\/p>\n<\/li>\n<li data-start=\"3543\" data-end=\"3569\">\n<p data-start=\"3545\" data-end=\"3569\">intensywna eksploatacja.<\/p>\n<\/li>\n<\/ul>\n<p data-start=\"3571\" data-end=\"3659\">Solidna stalowa konstrukcja zapewnia odporno\u015b\u0107 na zu\u017cycie oraz d\u0142ug\u0105 \u017cywotno\u015b\u0107 elementu.<\/p>\n<h2 data-start=\"3661\" data-end=\"3698\">Zastosowanie w systemach oborowych<\/h2>\n<p data-start=\"3700\" data-end=\"3761\">Ko\u0142o z\u0119bate stosowane jest w systemach zgarniaczy obornika w:<\/p>\n<ul data-start=\"3763\" data-end=\"3888\">\n<li data-start=\"3763\" data-end=\"3791\">\n<p data-start=\"3765\" data-end=\"3791\">oborach byd\u0142a mlecznego,<\/p>\n<\/li>\n<li data-start=\"3792\" data-end=\"3819\">\n<p data-start=\"3794\" data-end=\"3819\">oborach byd\u0142a mi\u0119snego,<\/p>\n<\/li>\n<li data-start=\"3820\" data-end=\"3851\">\n<p data-start=\"3822\" data-end=\"3851\">gospodarstwach hodowlanych,<\/p>\n<\/li>\n<li data-start=\"3852\" data-end=\"3888\">\n<p data-start=\"3854\" data-end=\"3888\">halach produkcyjnych dla zwierz\u0105t.<\/p>\n<\/li>\n<\/ul>\n<p data-start=\"3890\" data-end=\"4015\">Systemy usuwania obornika s\u0105 szczeg\u00f3lnie popularne w oborach wolnostanowiskowych oraz w nowoczesnych budynkach inwentarskich.<\/p>\n<h2 data-start=\"4017\" data-end=\"4069\">Korzy\u015bci z zastosowania automatycznego zgarniacza<\/h2>\n<p data-start=\"4071\" data-end=\"4149\">Wprowadzenie automatycznego systemu czyszczenia obory przynosi wiele korzy\u015bci:<\/p>\n<ul data-start=\"4151\" data-end=\"4308\">\n<li data-start=\"4151\" data-end=\"4179\">\n<p data-start=\"4153\" data-end=\"4179\">oszcz\u0119dno\u015b\u0107 czasu pracy,<\/p>\n<\/li>\n<li data-start=\"4180\" data-end=\"4208\">\n<p data-start=\"4182\" data-end=\"4208\">poprawa higieny budynku,<\/p>\n<\/li>\n<li data-start=\"4209\" data-end=\"4239\">\n<p data-start=\"4211\" data-end=\"4239\">zmniejszenie emisji gaz\u00f3w,<\/p>\n<\/li>\n<li data-start=\"4240\" data-end=\"4279\">\n<p data-start=\"4242\" data-end=\"4279\">poprawa warunk\u00f3w bytowych zwierz\u0105t,<\/p>\n<\/li>\n<li data-start=\"4280\" data-end=\"4308\">\n<p data-start=\"4282\" data-end=\"4308\">ograniczenie chor\u00f3b racic.<\/p>\n<\/li>\n<\/ul>\n<p data-start=\"4310\" data-end=\"4402\">Ko\u0142o z\u0119bate jest jednym z element\u00f3w, kt\u00f3ry odpowiada za prawid\u0142owe dzia\u0142anie ca\u0142ego systemu.<\/p>\n<h2 data-start=\"4404\" data-end=\"4435\">Najwa\u017cniejsze cechy produktu<\/h2>\n<ul data-start=\"4437\" data-end=\"4645\">\n<li data-start=\"4437\" data-end=\"4477\">\n<p data-start=\"4439\" data-end=\"4477\">element nap\u0119dowy zgarniacza obornika<\/p>\n<\/li>\n<li data-start=\"4478\" data-end=\"4516\">\n<p data-start=\"4480\" data-end=\"4516\">wsp\u00f3\u0142pracuje z \u0142a\u0144cuchem nap\u0119dowym<\/p>\n<\/li>\n<li data-start=\"4517\" data-end=\"4552\">\n<p data-start=\"4519\" data-end=\"4552\">montowany na silniku zgarniacza<\/p>\n<\/li>\n<li data-start=\"4553\" data-end=\"4598\">\n<p data-start=\"4555\" data-end=\"4598\">stalowa konstrukcja odporna na obci\u0105\u017cenia<\/p>\n<\/li>\n<li data-start=\"4599\" data-end=\"4645\">\n<p data-start=\"4601\" data-end=\"4645\">cz\u0119\u015b\u0107 zamienna do system\u00f3w czyszczenia obory<\/p>\n<\/li>\n<\/ul>\n<h2 data-start=\"4647\" data-end=\"4691\">Niezb\u0119dna cz\u0119\u015b\u0107 systemu usuwania obornika<\/h2>\n<p data-start=\"4693\" data-end=\"4881\">Ko\u0142o z\u0119bate do zgarniacza obornika &#8211; jest to wa\u017cny element mechanizmu odpowiedzialnego za automatyczne czyszczenie obory. Dzi\u0119ki niemu mo\u017cliwa jest p\u0142ynna praca \u0142a\u0144cucha oraz \u0142opat zgarniaj\u0105cych.<\/p>\n<p data-start=\"4883\" data-end=\"5084\">W nowoczesnych gospodarstwach, gdzie automatyzacja proces\u00f3w hodowlanych odgrywa coraz wi\u0119ksz\u0105 rol\u0119, sprawny system usuwania obornika ma kluczowe znaczenie dla utrzymania higieny oraz komfortu zwierz\u0105t.<\/p>\n<h2 data-start=\"109\" data-end=\"177\">Dlaczego warto stosowa\u0107 sprawdzone cz\u0119\u015bci do zgarniaczy obornika?<\/h2>\n<p data-start=\"179\" data-end=\"824\" data-is-last-node=\"\" data-is-only-node=\"\">Elementy nap\u0119dowe system\u00f3w usuwania obornika pracuj\u0105 w bardzo wymagaj\u0105cych warunkach \u2013 pod du\u017cym obci\u0105\u017ceniem, w wilgoci oraz w \u015brodowisku zawieraj\u0105cym agresywne zwi\u0105zki chemiczne powstaj\u0105ce podczas rozk\u0142adu obornika. Dlatego tak wa\u017cne jest stosowanie solidnych i trwa\u0142ych cz\u0119\u015bci zamiennych. Wysokiej jako\u015bci ko\u0142o z\u0119bate zapewnia stabiln\u0105 prac\u0119 mechanizmu oraz zmniejsza ryzyko awarii ca\u0142ego systemu. Regularna kontrola element\u00f3w nap\u0119dowych i ich wymiana w razie zu\u017cycia pozwala utrzyma\u0107 sprawno\u015b\u0107 zgarniacza oraz unikn\u0105\u0107 przestoj\u00f3w w pracy gospodarstwa. Dzi\u0119ki temu system usuwania obornika dzia\u0142a wydajnie i wspiera utrzymanie higieny w oborze.<\/p>\n","protected":false},"excerpt":{"rendered":"<p>Ko\u0142o z\u0119bate do zgarniacza obornika przeznaczone do system\u00f3w automatycznego usuwania obornika w oborach. Montowane na wale silnika, wsp\u00f3\u0142pracuje z \u0142a\u0144cuchem nap\u0119dowym odpowiedzialnym za ruch \u0142opat zgarniacza.<\/p>\n","protected":false},"featured_media":3096,"comment_status":"open","ping_status":"closed","template":"","meta":[],"product_brand":[],"product_cat":[502],"product_tag":[514,519,511,513,509,517,512,518,516,510,515],"class_list":{"0":"post-3095","1":"product","2":"type-product","3":"status-publish","4":"has-post-thumbnail","6":"product_cat-zgarniacze-obornika","7":"product_tag-czesci-do-obory-bydla","8":"product_tag-czesci-do-systemu-usuwania-obornika","9":"product_tag-czesci-do-zgarniacza-obornika","10":"product_tag-element-napedu-zgarniacza","11":"product_tag-kolo-zebate-zgarniacza-obornika","12":"product_tag-mechanizm-zgarniacza-obornika","13":"product_tag-system-zgarniacza-obornika","14":"product_tag-wyposazenie-obory-bydlo","15":"product_tag-zebatka-do-lancucha-zgarniacza","16":"product_tag-zebatka-do-zgarniacza-obornika","17":"product_tag-zgarniacz-obornika-czesci","19":"first","20":"instock","21":"shipping-taxable","22":"purchasable","23":"product-type-simple"},"_links":{"self":[{"href":"https:\/\/rollnikow.you2.pl\/index.php\/wp-json\/wp\/v2\/product\/3095","targetHints":{"allow":["GET"]}}],"collection":[{"href":"https:\/\/rollnikow.you2.pl\/index.php\/wp-json\/wp\/v2\/product"}],"about":[{"href":"https:\/\/rollnikow.you2.pl\/index.php\/wp-json\/wp\/v2\/types\/product"}],"replies":[{"embeddable":true,"href":"https:\/\/rollnikow.you2.pl\/index.php\/wp-json\/wp\/v2\/comments?post=3095"}],"version-history":[{"count":1,"href":"https:\/\/rollnikow.you2.pl\/index.php\/wp-json\/wp\/v2\/product\/3095\/revisions"}],"predecessor-version":[{"id":3097,"href":"https:\/\/rollnikow.you2.pl\/index.php\/wp-json\/wp\/v2\/product\/3095\/revisions\/3097"}],"wp:featuredmedia":[{"embeddable":true,"href":"https:\/\/rollnikow.you2.pl\/index.php\/wp-json\/wp\/v2\/media\/3096"}],"wp:attachment":[{"href":"https:\/\/rollnikow.you2.pl\/index.php\/wp-json\/wp\/v2\/media?parent=3095"}],"wp:term":[{"taxonomy":"product_brand","embeddable":true,"href":"https:\/\/rollnikow.you2.pl\/index.php\/wp-json\/wp\/v2\/product_brand?post=3095"},{"taxonomy":"product_cat","embeddable":true,"href":"https:\/\/rollnikow.you2.pl\/index.php\/wp-json\/wp\/v2\/product_cat?post=3095"},{"taxonomy":"product_tag","embeddable":true,"href":"https:\/\/rollnikow.you2.pl\/index.php\/wp-json\/wp\/v2\/product_tag?post=3095"}],"curies":[{"name":"wp","href":"https:\/\/api.w.org\/{rel}","templated":true}]}}