{"id":3117,"date":"2026-03-04T22:58:21","date_gmt":"2026-03-04T21:58:21","guid":{"rendered":"https:\/\/rollnikow.you2.pl\/?post_type=product&#038;p=3117"},"modified":"2026-03-09T18:17:06","modified_gmt":"2026-03-09T17:17:06","slug":"maszyna-do-mieszania-paszy","status":"publish","type":"product","link":"https:\/\/rollnikow.you2.pl\/index.php\/produkt\/maszyna-do-mieszania-paszy\/","title":{"rendered":"Maszyna do mieszania paszy"},"content":{"rendered":"<h1 data-start=\"1436\" data-end=\"1515\">Maszyna do mieszania paszy 4 m\u00b3 \u2013 wydajne przygotowanie paszy w gospodarstwie<\/h1>\n<p data-start=\"1517\" data-end=\"1838\">W nowoczesnej hodowli zwierz\u0105t gospodarskich odpowiednie przygotowanie paszy ma ogromne znaczenie dla zdrowia oraz wydajno\u015bci produkcyjnej zwierz\u0105t. Jednym z najwa\u017cniejszych urz\u0105dze\u0144 wykorzystywanych w gospodarstwach hodowlanych jest <strong data-start=\"1751\" data-end=\"1781\">maszyna do mieszania paszy<\/strong>, nazywana r\u00f3wnie\u017c wozem paszowym lub mieszalnikiem pasz.<\/p>\n<p data-start=\"1840\" data-end=\"1992\">Prezentowana <strong data-start=\"1853\" data-end=\"1909\">maszyna do mieszania paszy AGROPAK o pojemno\u015bci 4 m\u00b3<\/strong> zosta\u0142a zaprojektowana z my\u015bl\u0105 o gospodarstwach hoduj\u0105cych byd\u0142o mleczne i mi\u0119sne.<\/p>\n<p data-start=\"289\" data-end=\"999\"><strong data-start=\"289\" data-end=\"297\">Typ:<\/strong> W\u00f3z paszowy \/ maszyna do mieszania paszy<br data-start=\"338\" data-end=\"341\" \/><strong data-start=\"341\" data-end=\"351\">Marka:<\/strong> AGROPAK<br data-start=\"359\" data-end=\"362\" \/><strong data-start=\"362\" data-end=\"372\">Model:<\/strong> 4 m\u00b3<br data-start=\"377\" data-end=\"380\" \/><strong data-start=\"380\" data-end=\"394\">Pojemno\u015b\u0107:<\/strong> 4 m\u00b3<br data-start=\"399\" data-end=\"402\" \/><strong data-start=\"402\" data-end=\"418\">Moc silnika:<\/strong> 7,5 kW<br data-start=\"425\" data-end=\"428\" \/><strong data-start=\"428\" data-end=\"442\">Zasilanie:<\/strong> 380 V<br data-start=\"448\" data-end=\"451\" \/><strong data-start=\"451\" data-end=\"469\">System nap\u0119du:<\/strong> \u0141a\u0144cuchowo-z\u0119baty<br data-start=\"487\" data-end=\"490\" \/><strong data-start=\"490\" data-end=\"510\">Liczba \u015blimak\u00f3w:<\/strong> 2<br data-start=\"512\" data-end=\"515\" \/><strong data-start=\"515\" data-end=\"535\">Grubo\u015b\u0107 \u015blimaka:<\/strong> 8 mm<br data-start=\"540\" data-end=\"543\" \/><strong data-start=\"543\" data-end=\"567\">Liczba no\u017cy tn\u0105cych:<\/strong> 120<br data-start=\"571\" data-end=\"574\" \/><strong data-start=\"574\" data-end=\"600\">Grubo\u015b\u0107 dna zbiornika:<\/strong> 8 mm<br data-start=\"605\" data-end=\"608\" \/><strong data-start=\"608\" data-end=\"636\">Grubo\u015b\u0107 \u015bcian zbiornika:<\/strong> 4 mm<br data-start=\"641\" data-end=\"644\" \/><strong data-start=\"644\" data-end=\"666\">D\u0142ugo\u015b\u0107 ca\u0142kowita:<\/strong> 310 cm<br data-start=\"673\" data-end=\"676\" \/><strong data-start=\"676\" data-end=\"700\">Szeroko\u015b\u0107 ca\u0142kowita:<\/strong> 220 cm<br data-start=\"707\" data-end=\"710\" \/><strong data-start=\"710\" data-end=\"733\">Wysoko\u015b\u0107 ca\u0142kowita:<\/strong> 225 cm<br data-start=\"740\" data-end=\"743\" \/><strong data-start=\"743\" data-end=\"752\">Masa:<\/strong> 1400 kg<br data-start=\"760\" data-end=\"763\" \/><strong data-start=\"763\" data-end=\"784\">System za\u0142adunku:<\/strong> \u0141y\u017ckowy (np. \u0142adowarka \/ tur)<br data-start=\"814\" data-end=\"817\" \/><strong data-start=\"817\" data-end=\"839\">System roz\u0142adunku:<\/strong> Ta\u015bmowy \/ workowy<br data-start=\"857\" data-end=\"860\" \/><strong data-start=\"860\" data-end=\"881\">Klapa roz\u0142adunku:<\/strong> Automatyczna<br data-start=\"894\" data-end=\"897\" \/><strong data-start=\"897\" data-end=\"918\">Panel sterowania:<\/strong> Dedykowana szafa elektryczna<br data-start=\"947\" data-end=\"950\" \/><strong data-start=\"950\" data-end=\"967\">Zastosowanie:<\/strong> Przygotowanie paszy dla byd\u0142a<\/p>\n<p data-start=\"1001\" data-end=\"1113\"><strong data-start=\"1001\" data-end=\"1052\">Zapewnia dok\u0142adne i jednorodne mieszanie paszy.<\/strong><br data-start=\"1052\" data-end=\"1055\" \/><strong data-start=\"1055\" data-end=\"1113\">Znacznie skraca czas przygotowania mieszanki paszowej.<\/strong><\/p>\n<h2 data-start=\"1994\" data-end=\"2034\">Czym jest maszyna do mieszania paszy?<\/h2>\n<p data-start=\"2036\" data-end=\"2196\">Maszyna do mieszania paszy to urz\u0105dzenie s\u0142u\u017c\u0105ce do przygotowywania jednorodnej mieszanki paszowej z r\u00f3\u017cnych sk\u0142adnik\u00f3w. W sk\u0142ad takiej mieszanki mog\u0105 wchodzi\u0107:<\/p>\n<ul data-start=\"2198\" data-end=\"2300\">\n<li data-start=\"2198\" data-end=\"2246\">\n<p data-start=\"2200\" data-end=\"2246\">pasze obj\u0119to\u015bciowe (siano, s\u0142oma, kiszonka),<\/p>\n<\/li>\n<li data-start=\"2247\" data-end=\"2266\">\n<p data-start=\"2249\" data-end=\"2266\">pasze tre\u015bciwe,<\/p>\n<\/li>\n<li data-start=\"2267\" data-end=\"2300\">\n<p data-start=\"2269\" data-end=\"2300\">dodatki mineralne i witaminowe.<\/p>\n<\/li>\n<\/ul>\n<p data-start=\"2302\" data-end=\"2427\">Dzi\u0119ki dok\u0142adnemu wymieszaniu wszystkich sk\u0142adnik\u00f3w zwierz\u0119ta otrzymuj\u0105 zbilansowan\u0105 pasz\u0119 o odpowiedniej warto\u015bci od\u017cywczej.<\/p>\n<h2 data-start=\"2429\" data-end=\"2458\">Jednorodne mieszanie paszy<\/h2>\n<p data-start=\"2460\" data-end=\"2557\">Maszyna zapewnia <strong data-start=\"2477\" data-end=\"2514\">oko\u0142o 95% jednorodno\u015bci mieszanki<\/strong>, co jest bardzo wa\u017cne w \u017cywieniu zwierz\u0105t.<\/p>\n<p data-start=\"2559\" data-end=\"2576\">Jednorodna pasza:<\/p>\n<ul data-start=\"2578\" data-end=\"2713\">\n<li data-start=\"2578\" data-end=\"2601\">\n<p data-start=\"2580\" data-end=\"2601\">poprawia trawienie,<\/p>\n<\/li>\n<li data-start=\"2602\" data-end=\"2654\">\n<p data-start=\"2604\" data-end=\"2654\">zapobiega selekcjonowaniu paszy przez zwierz\u0119ta,<\/p>\n<\/li>\n<li data-start=\"2655\" data-end=\"2713\">\n<p data-start=\"2657\" data-end=\"2713\">zapewnia r\u00f3wnomierne dostarczanie sk\u0142adnik\u00f3w od\u017cywczych.<\/p>\n<\/li>\n<\/ul>\n<p data-start=\"2715\" data-end=\"2787\">Dzi\u0119ki temu zwierz\u0119ta otrzymuj\u0105 dok\u0142adnie tak\u0105 sam\u0105 mieszank\u0119 pokarmow\u0105.<\/p>\n<h2 data-start=\"2789\" data-end=\"2829\">Podw\u00f3jny system \u015blimak\u00f3w mieszaj\u0105cych<\/h2>\n<p data-start=\"2831\" data-end=\"2954\">Maszyna wyposa\u017cona jest w <strong data-start=\"2857\" data-end=\"2883\">dwa \u015blimaki mieszaj\u0105ce<\/strong>, kt\u00f3re odpowiadaj\u0105 za dok\u0142adne rozdrobnienie i wymieszanie sk\u0142adnik\u00f3w.<\/p>\n<p data-start=\"2956\" data-end=\"3029\">\u015alimaki wykonane s\u0105 z wytrzyma\u0142ej stali o grubo\u015bci <strong data-start=\"3007\" data-end=\"3015\">8 mm<\/strong>, co zapewnia:<\/p>\n<ul data-start=\"3031\" data-end=\"3113\">\n<li data-start=\"3031\" data-end=\"3063\">\n<p data-start=\"3033\" data-end=\"3063\">wysok\u0105 odporno\u015b\u0107 na zu\u017cycie,<\/p>\n<\/li>\n<li data-start=\"3064\" data-end=\"3095\">\n<p data-start=\"3066\" data-end=\"3095\">d\u0142ug\u0105 \u017cywotno\u015b\u0107 urz\u0105dzenia,<\/p>\n<\/li>\n<li data-start=\"3096\" data-end=\"3113\">\n<p data-start=\"3098\" data-end=\"3113\">stabiln\u0105 prac\u0119.<\/p>\n<\/li>\n<\/ul>\n<p data-start=\"3115\" data-end=\"3181\">Podw\u00f3jny system \u015blimak\u00f3w znacz\u0105co poprawia jako\u015b\u0107 mieszania paszy.<\/p>\n<h2 data-start=\"3183\" data-end=\"3202\">120 no\u017cy tn\u0105cych<\/h2>\n<p data-start=\"3204\" data-end=\"3306\">W urz\u0105dzeniu zastosowano <strong data-start=\"3229\" data-end=\"3249\">120 no\u017cy tn\u0105cych<\/strong>, kt\u00f3re odpowiadaj\u0105 za rozdrabnianie pasz obj\u0119to\u015bciowych.<\/p>\n<p data-start=\"3308\" data-end=\"3325\">No\u017ce umo\u017cliwiaj\u0105:<\/p>\n<ul data-start=\"3327\" data-end=\"3411\">\n<li data-start=\"3327\" data-end=\"3352\">\n<p data-start=\"3329\" data-end=\"3352\">ci\u0119cie s\u0142omy i siana,<\/p>\n<\/li>\n<li data-start=\"3353\" data-end=\"3380\">\n<p data-start=\"3355\" data-end=\"3380\">rozdrabnianie kiszonki,<\/p>\n<\/li>\n<li data-start=\"3381\" data-end=\"3411\">\n<p data-start=\"3383\" data-end=\"3411\">r\u00f3wnomierne mieszanie paszy.<\/p>\n<\/li>\n<\/ul>\n<p data-start=\"3413\" data-end=\"3495\">Dzi\u0119ki temu mieszanka paszowa jest odpowiednio przygotowana do podania zwierz\u0119tom.<\/p>\n<h2 data-start=\"3497\" data-end=\"3531\">Szybki czas przygotowania paszy<\/h2>\n<p data-start=\"3533\" data-end=\"3656\">Po za\u0142adowaniu sk\u0142adnik\u00f3w proces mieszania trwa oko\u0142o <strong data-start=\"3587\" data-end=\"3599\">10 minut<\/strong>. Dzi\u0119ki temu przygotowanie paszy jest szybkie i wydajne.<\/p>\n<p data-start=\"3658\" data-end=\"3684\">Kr\u00f3tki czas pracy oznacza:<\/p>\n<ul data-start=\"3686\" data-end=\"3776\">\n<li data-start=\"3686\" data-end=\"3713\">\n<p data-start=\"3688\" data-end=\"3713\">ni\u017csze zu\u017cycie energii,<\/p>\n<\/li>\n<li data-start=\"3714\" data-end=\"3742\">\n<p data-start=\"3716\" data-end=\"3742\">oszcz\u0119dno\u015b\u0107 czasu pracy,<\/p>\n<\/li>\n<li data-start=\"3743\" data-end=\"3776\">\n<p data-start=\"3745\" data-end=\"3776\">wi\u0119ksz\u0105 wydajno\u015b\u0107 gospodarstwa.<\/p>\n<\/li>\n<\/ul>\n<p data-start=\"3778\" data-end=\"3841\">To szczeg\u00f3lnie wa\u017cne w gospodarstwach o du\u017cej liczbie zwierz\u0105t.<\/p>\n<h2 data-start=\"3843\" data-end=\"3870\">Mocny silnik elektryczny<\/h2>\n<p data-start=\"3872\" data-end=\"3965\">Maszyna wyposa\u017cona jest w silnik o mocy <strong data-start=\"3912\" data-end=\"3922\">7,5 kW<\/strong>, kt\u00f3ry zapewnia stabiln\u0105 prac\u0119 urz\u0105dzenia.<\/p>\n<p data-start=\"3967\" data-end=\"4080\">Zasilanie <strong data-start=\"3977\" data-end=\"3986\">380 V<\/strong> umo\u017cliwia pod\u0142\u0105czenie maszyny do instalacji przemys\u0142owej stosowanej w gospodarstwach rolnych.<\/p>\n<p data-start=\"4082\" data-end=\"4098\">Silnik zapewnia:<\/p>\n<ul data-start=\"4100\" data-end=\"4187\">\n<li data-start=\"4100\" data-end=\"4127\">\n<p data-start=\"4102\" data-end=\"4127\">wysok\u0105 wydajno\u015b\u0107 pracy,<\/p>\n<\/li>\n<li data-start=\"4128\" data-end=\"4157\">\n<p data-start=\"4130\" data-end=\"4157\">stabilne mieszanie paszy,<\/p>\n<\/li>\n<li data-start=\"4158\" data-end=\"4187\">\n<p data-start=\"4160\" data-end=\"4187\">d\u0142ug\u0105 \u017cywotno\u015b\u0107 urz\u0105dzenia.<\/p>\n<\/li>\n<\/ul>\n<h2 data-start=\"4189\" data-end=\"4211\">Solidna konstrukcja<\/h2>\n<p data-start=\"4213\" data-end=\"4295\">Maszyna zosta\u0142a wykonana z wytrzyma\u0142ych materia\u0142\u00f3w, kt\u00f3re zapewniaj\u0105 jej trwa\u0142o\u015b\u0107.<\/p>\n<p data-start=\"4297\" data-end=\"4319\">Parametry konstrukcji:<\/p>\n<ul data-start=\"4321\" data-end=\"4392\">\n<li data-start=\"4321\" data-end=\"4356\">\n<p data-start=\"4323\" data-end=\"4356\">grubo\u015b\u0107 dna zbiornika: <strong data-start=\"4346\" data-end=\"4354\">8 mm<\/strong><\/p>\n<\/li>\n<li data-start=\"4357\" data-end=\"4392\">\n<p data-start=\"4359\" data-end=\"4392\">grubo\u015b\u0107 \u015bcian zbiornika: <strong data-start=\"4384\" data-end=\"4392\">4 mm<\/strong><\/p>\n<\/li>\n<\/ul>\n<p data-start=\"4394\" data-end=\"4473\">Solidna konstrukcja sprawia, \u017ce maszyna jest odporna na intensywne u\u017cytkowanie.<\/p>\n<h2 data-start=\"4475\" data-end=\"4507\">System za\u0142adunku i roz\u0142adunku<\/h2>\n<p data-start=\"4509\" data-end=\"4564\">Maszyna wyposa\u017cona jest w wygodny system obs\u0142ugi paszy.<\/p>\n<p data-start=\"4566\" data-end=\"4583\">System za\u0142adunku:<\/p>\n<ul data-start=\"4585\" data-end=\"4628\">\n<li data-start=\"4585\" data-end=\"4628\">\n<p data-start=\"4587\" data-end=\"4628\">za\u0142adunek przy pomocy \u0142adowarki lub tura.<\/p>\n<\/li>\n<\/ul>\n<p data-start=\"4630\" data-end=\"4648\">System roz\u0142adunku:<\/p>\n<ul data-start=\"4650\" data-end=\"4692\">\n<li data-start=\"4650\" data-end=\"4662\">\n<p data-start=\"4652\" data-end=\"4662\">ta\u015bmowy,<\/p>\n<\/li>\n<li data-start=\"4663\" data-end=\"4692\">\n<p data-start=\"4665\" data-end=\"4692\">mo\u017cliwo\u015b\u0107 workowania paszy.<\/p>\n<\/li>\n<\/ul>\n<p data-start=\"4694\" data-end=\"4790\">Dodatkowo urz\u0105dzenie posiada <strong data-start=\"4723\" data-end=\"4758\">automatyczn\u0105 klap\u0119 roz\u0142adunkow\u0105<\/strong>, kt\u00f3ra u\u0142atwia dozowanie paszy.<\/p>\n<h2 data-start=\"4792\" data-end=\"4811\">Panel sterowania<\/h2>\n<p data-start=\"4813\" data-end=\"4919\">Maszyna wyposa\u017cona jest w <strong data-start=\"4839\" data-end=\"4870\">specjaln\u0105 szaf\u0119 elektryczn\u0105<\/strong>, kt\u00f3ra umo\u017cliwia wygodne sterowanie urz\u0105dzeniem.<\/p>\n<p data-start=\"4921\" data-end=\"4946\">Panel sterowania pozwala:<\/p>\n<ul data-start=\"4948\" data-end=\"5055\">\n<li data-start=\"4948\" data-end=\"4978\">\n<p data-start=\"4950\" data-end=\"4978\">kontrolowa\u0107 prac\u0119 maszyny,<\/p>\n<\/li>\n<li data-start=\"4979\" data-end=\"5017\">\n<p data-start=\"4981\" data-end=\"5017\">bezpiecznie uruchamia\u0107 urz\u0105dzenie,<\/p>\n<\/li>\n<li data-start=\"5018\" data-end=\"5055\">\n<p data-start=\"5020\" data-end=\"5055\">zarz\u0105dza\u0107 procesem mieszania paszy.<\/p>\n<\/li>\n<\/ul>\n<h2 data-start=\"5057\" data-end=\"5089\">Zastosowanie w gospodarstwach<\/h2>\n<p data-start=\"5091\" data-end=\"5135\">Maszyna do mieszania paszy stosowana jest w:<\/p>\n<ul data-start=\"5137\" data-end=\"5288\">\n<li data-start=\"5137\" data-end=\"5181\">\n<p data-start=\"5139\" data-end=\"5181\">gospodarstwach hoduj\u0105cych byd\u0142o mleczne,<\/p>\n<\/li>\n<li data-start=\"5182\" data-end=\"5211\">\n<p data-start=\"5184\" data-end=\"5211\">hodowlach byd\u0142a mi\u0119snego,<\/p>\n<\/li>\n<li data-start=\"5212\" data-end=\"5252\">\n<p data-start=\"5214\" data-end=\"5252\">du\u017cych gospodarstwach produkcyjnych,<\/p>\n<\/li>\n<li data-start=\"5253\" data-end=\"5288\">\n<p data-start=\"5255\" data-end=\"5288\">nowoczesnych fermach hodowlanych.<\/p>\n<\/li>\n<\/ul>\n<p data-start=\"5290\" data-end=\"5355\">Urz\u0105dzenie pozwala znacz\u0105co usprawni\u0107 proces przygotowania paszy.<\/p>\n<h2 data-start=\"5357\" data-end=\"5383\">Najwa\u017cniejsze parametry<\/h2>\n<ul data-start=\"5385\" data-end=\"5580\">\n<li data-start=\"5385\" data-end=\"5404\">\n<p data-start=\"5387\" data-end=\"5404\">pojemno\u015b\u0107: 4 m\u00b3<\/p>\n<\/li>\n<li data-start=\"5405\" data-end=\"5428\">\n<p data-start=\"5407\" data-end=\"5428\">moc silnika: 7,5 kW<\/p>\n<\/li>\n<li data-start=\"5429\" data-end=\"5449\">\n<p data-start=\"5431\" data-end=\"5449\">zasilanie: 380 V<\/p>\n<\/li>\n<li data-start=\"5450\" data-end=\"5472\">\n<p data-start=\"5452\" data-end=\"5472\">liczba \u015blimak\u00f3w: 2<\/p>\n<\/li>\n<li data-start=\"5473\" data-end=\"5501\">\n<p data-start=\"5475\" data-end=\"5501\">liczba no\u017cy tn\u0105cych: 120<\/p>\n<\/li>\n<li data-start=\"5502\" data-end=\"5519\">\n<p data-start=\"5504\" data-end=\"5519\">masa: 1400 kg<\/p>\n<\/li>\n<li data-start=\"5520\" data-end=\"5539\">\n<p data-start=\"5522\" data-end=\"5539\">d\u0142ugo\u015b\u0107: 310 cm<\/p>\n<\/li>\n<li data-start=\"5540\" data-end=\"5561\">\n<p data-start=\"5542\" data-end=\"5561\">szeroko\u015b\u0107: 220 cm<\/p>\n<\/li>\n<li data-start=\"5562\" data-end=\"5580\">\n<p data-start=\"5564\" data-end=\"5580\">wysoko\u015b\u0107: 225 cm<\/p>\n<\/li>\n<\/ul>\n<h2 data-start=\"5582\" data-end=\"5630\">Niezb\u0119dna maszyna w nowoczesnym gospodarstwie<\/h2>\n<p data-start=\"5632\" data-end=\"5927\">Maszyna do mieszania paszy AGROPAK to urz\u0105dzenie, kt\u00f3re pozwala przygotowa\u0107 wysokiej jako\u015bci mieszank\u0119 paszow\u0105 w kr\u00f3tkim czasie. Dzi\u0119ki solidnej konstrukcji, wydajnemu systemowi mieszania oraz du\u017cej pojemno\u015bci urz\u0105dzenie sprawdzi si\u0119 w gospodarstwach nastawionych na wydajn\u0105 produkcj\u0119 zwierz\u0119c\u0105.<\/p>\n<p data-start=\"5929\" data-end=\"6043\">To rozwi\u0105zanie, kt\u00f3re pozwala poprawi\u0107 efektywno\u015b\u0107 \u017cywienia zwierz\u0105t oraz ograniczy\u0107 koszty pracy w gospodarstwie.<\/p>\n","protected":false},"excerpt":{"rendered":"<p>Maszyna do mieszania paszy AGROPAK o pojemno\u015bci 4 m\u00b3 przeznaczona do przygotowywania jednorodnej mieszanki paszowej dla byd\u0142a. Wyposa\u017cona w dwa \u015blimaki mieszaj\u0105ce, 120 no\u017cy tn\u0105cych oraz silnik o mocy 7,5 kW. Zapewnia szybkie i efektywne przygotowanie paszy przy niskim zu\u017cyciu energii.<\/p>\n","protected":false},"featured_media":3120,"comment_status":"open","ping_status":"closed","template":"","meta":[],"product_brand":[],"product_cat":[327],"product_tag":[617,608,615,612,611,618,610,619,613,616,620,609,614,621],"class_list":{"0":"post-3117","1":"product","2":"type-product","3":"status-publish","4":"has-post-thumbnail","6":"product_cat-sprzet-do-hodowli-zwierzat","7":"product_tag-maszyna-do-kiszonki-i-siana","8":"product_tag-maszyna-do-mieszania-paszy","9":"product_tag-maszyna-do-paszy-dla-bydla","10":"product_tag-maszyna-do-przygotowania-paszy","11":"product_tag-maszyna-paszowa-dla-krow","12":"product_tag-maszyna-paszowa-do-gospodarstwa","13":"product_tag-mieszalnik-pasz-dla-bydla","14":"product_tag-mieszalnik-pasz-dla-krow","15":"product_tag-mieszalnik-pasz-rolniczy","16":"product_tag-sprzet-do-mieszania-paszy","17":"product_tag-sprzet-rolniczy-do-paszy","18":"product_tag-woz-paszowy-4m3","19":"product_tag-woz-paszowy-elektryczny","20":"product_tag-wyposazenie-gospodarstwa-hodowlanego","22":"first","23":"instock","24":"shipping-taxable","25":"product-type-simple"},"_links":{"self":[{"href":"https:\/\/rollnikow.you2.pl\/index.php\/wp-json\/wp\/v2\/product\/3117","targetHints":{"allow":["GET"]}}],"collection":[{"href":"https:\/\/rollnikow.you2.pl\/index.php\/wp-json\/wp\/v2\/product"}],"about":[{"href":"https:\/\/rollnikow.you2.pl\/index.php\/wp-json\/wp\/v2\/types\/product"}],"replies":[{"embeddable":true,"href":"https:\/\/rollnikow.you2.pl\/index.php\/wp-json\/wp\/v2\/comments?post=3117"}],"version-history":[{"count":3,"href":"https:\/\/rollnikow.you2.pl\/index.php\/wp-json\/wp\/v2\/product\/3117\/revisions"}],"predecessor-version":[{"id":3122,"href":"https:\/\/rollnikow.you2.pl\/index.php\/wp-json\/wp\/v2\/product\/3117\/revisions\/3122"}],"wp:featuredmedia":[{"embeddable":true,"href":"https:\/\/rollnikow.you2.pl\/index.php\/wp-json\/wp\/v2\/media\/3120"}],"wp:attachment":[{"href":"https:\/\/rollnikow.you2.pl\/index.php\/wp-json\/wp\/v2\/media?parent=3117"}],"wp:term":[{"taxonomy":"product_brand","embeddable":true,"href":"https:\/\/rollnikow.you2.pl\/index.php\/wp-json\/wp\/v2\/product_brand?post=3117"},{"taxonomy":"product_cat","embeddable":true,"href":"https:\/\/rollnikow.you2.pl\/index.php\/wp-json\/wp\/v2\/product_cat?post=3117"},{"taxonomy":"product_tag","embeddable":true,"href":"https:\/\/rollnikow.you2.pl\/index.php\/wp-json\/wp\/v2\/product_tag?post=3117"}],"curies":[{"name":"wp","href":"https:\/\/api.w.org\/{rel}","templated":true}]}}