{"id":3239,"date":"2026-03-08T20:22:44","date_gmt":"2026-03-08T19:22:44","guid":{"rendered":"https:\/\/rollnikow.you2.pl\/?post_type=product&#038;p=3239"},"modified":"2026-03-08T20:28:38","modified_gmt":"2026-03-08T19:28:38","slug":"numerator-znakujacy-dla-bydla","status":"publish","type":"product","link":"https:\/\/rollnikow.you2.pl\/index.php\/produkt\/numerator-znakujacy-dla-bydla\/","title":{"rendered":"Numerator znakuj\u0105cy dla byd\u0142a"},"content":{"rendered":"<h1 data-section-id=\"tuqbk9\" data-start=\"868\" data-end=\"958\">Numerator znakuj\u0105cy dla byd\u0142a \u2013 praktyczne narz\u0119dzie do identyfikacji zwierz\u0105t<\/h1>\n<p data-start=\"960\" data-end=\"1369\">W hodowli owiec niezwykle wa\u017cne jest odpowiednie oznaczanie zwierz\u0105t w stadzie. Dzi\u0119ki w\u0142a\u015bciwej identyfikacji hodowca mo\u017ce \u0142atwo kontrolowa\u0107 poszczeg\u00f3lne sztuki, prowadzi\u0107 dokumentacj\u0119 hodowlan\u0105 oraz zarz\u0105dza\u0107 stadem w spos\u00f3b bardziej uporz\u0105dkowany. Jednym z narz\u0119dzi wykorzystywanych w gospodarstwach hodowlanych jest <strong data-start=\"1280\" data-end=\"1323\">numerator znakuj\u0105cy dla owiec i jagni\u0105t<\/strong>, kt\u00f3ry umo\u017cliwia szybkie oznaczanie zwierz\u0105t. Produkt z kategorii <a href=\"https:\/\/rollnikow.you2.pl\/index.php\/kategoria-produktu\/sprzet-do-hodowli-zwierzat\/\">Sprz\u0119t do hodowli zwierz\u0105t<\/a>.<\/p>\n<p data-start=\"1371\" data-end=\"1500\">Prezentowany <strong data-start=\"1384\" data-end=\"1414\">numerator o d\u0142ugo\u015bci 120 cm<\/strong> jest prostym i praktycznym narz\u0119dziem przeznaczonym do oznaczania zwierz\u0105t w stadzie.<\/p>\n<h2 data-section-id=\"1venu2g\" data-start=\"1502\" data-end=\"1537\">Identyfikacja zwierz\u0105t w stadzie<\/h2>\n<p data-start=\"1539\" data-end=\"1712\">W wi\u0119kszych stadach owiec szybkie rozpoznanie poszczeg\u00f3lnych zwierz\u0105t mo\u017ce by\u0107 trudne. Zastosowanie systemu oznaczania zwierz\u0105t pozwala znacznie u\u0142atwi\u0107 zarz\u0105dzanie hodowl\u0105.<\/p>\n<p data-start=\"1714\" data-end=\"1769\">Oznaczanie zwierz\u0105t jest szczeg\u00f3lnie przydatne podczas:<\/p>\n<ul data-start=\"1771\" data-end=\"1921\">\n<li data-section-id=\"18drhai\" data-start=\"1771\" data-end=\"1800\">\n<p data-start=\"1773\" data-end=\"1800\">kontroli zdrowia zwierz\u0105t<\/p>\n<\/li>\n<li data-section-id=\"p0dxof\" data-start=\"1801\" data-end=\"1840\">\n<p data-start=\"1803\" data-end=\"1840\">prowadzenia dokumentacji hodowlanej<\/p>\n<\/li>\n<li data-section-id=\"1skv7q2\" data-start=\"1841\" data-end=\"1877\">\n<p data-start=\"1843\" data-end=\"1877\">organizowania grup produkcyjnych<\/p>\n<\/li>\n<li data-section-id=\"lj8bgv\" data-start=\"1878\" data-end=\"1900\">\n<p data-start=\"1880\" data-end=\"1900\">planowania rozrodu<\/p>\n<\/li>\n<li data-section-id=\"1llk8ym\" data-start=\"1901\" data-end=\"1921\">\n<p data-start=\"1903\" data-end=\"1921\">sprzeda\u017cy zwierz\u0105t<\/p>\n<\/li>\n<\/ul>\n<p data-start=\"1923\" data-end=\"2016\">Dzi\u0119ki odpowiednim oznaczeniom hodowca mo\u017ce \u0142atwo zidentyfikowa\u0107 konkretne zwierz\u0119 w stadzie.<\/p>\n<h2 data-section-id=\"1jojvbq\" data-start=\"2018\" data-end=\"2053\">Praktyczne narz\u0119dzie dla hodowcy<\/h2>\n<p data-start=\"2055\" data-end=\"2233\">Numerator jest prostym narz\u0119dziem r\u0119cznym, kt\u00f3re umo\u017cliwia szybkie znakowanie zwierz\u0105t. Dzi\u0119ki kompaktowym wymiarom urz\u0105dzenie jest wygodne w u\u017cyciu oraz \u0142atwe do przechowywania.<\/p>\n<p data-start=\"2235\" data-end=\"2330\">D\u0142ugo\u015b\u0107 <strong data-start=\"2243\" data-end=\"2252\">120 cm<\/strong> sprawia, \u017ce narz\u0119dzie dobrze le\u017cy w d\u0142oni i pozwala na precyzyjne znakowanie.<\/p>\n<h2 data-section-id=\"u4wvni\" data-start=\"2332\" data-end=\"2354\">Solidna konstrukcja<\/h2>\n<p data-start=\"2356\" data-end=\"2490\">Numerator wykonany jest z wytrzyma\u0142ych materia\u0142\u00f3w, kt\u00f3re zapewniaj\u0105 trwa\u0142o\u015b\u0107 oraz odporno\u015b\u0107 na intensywne u\u017cytkowanie w gospodarstwie.<\/p>\n<p data-start=\"2492\" data-end=\"2534\">Solidna konstrukcja sprawia, \u017ce narz\u0119dzie:<\/p>\n<ul data-start=\"2536\" data-end=\"2652\">\n<li data-section-id=\"tfmc4n\" data-start=\"2536\" data-end=\"2567\">\n<p data-start=\"2538\" data-end=\"2567\">jest odporne na uszkodzenia<\/p>\n<\/li>\n<li data-section-id=\"8lgdv\" data-start=\"2568\" data-end=\"2605\">\n<p data-start=\"2570\" data-end=\"2605\">mo\u017ce by\u0107 u\u017cywane przez d\u0142ugi czas<\/p>\n<\/li>\n<li data-section-id=\"ujynlo\" data-start=\"2606\" data-end=\"2652\">\n<p data-start=\"2608\" data-end=\"2652\">dobrze sprawdza si\u0119 w warunkach gospodarstwa<\/p>\n<\/li>\n<\/ul>\n<p data-start=\"2654\" data-end=\"2721\">Dzi\u0119ki temu hodowca mo\u017ce korzysta\u0107 z narz\u0119dzia przez wiele sezon\u00f3w.<\/p>\n<h2 data-section-id=\"1lznzj4\" data-start=\"2723\" data-end=\"2754\">Zastosowanie w hodowli byd\u0142a<\/h2>\n<p data-start=\"2756\" data-end=\"2851\">Numerator znakuj\u0105cy znajduje zastosowanie w wielu gospodarstwach zajmuj\u0105cych si\u0119 hodowl\u0105 owiec.<\/p>\n<p data-start=\"2853\" data-end=\"2879\">Mo\u017ce by\u0107 wykorzystywany w:<\/p>\n<ul data-start=\"2881\" data-end=\"2970\">\n<li data-section-id=\"qir0on\" data-start=\"2881\" data-end=\"2896\">\n<p data-start=\"2883\" data-end=\"2896\">owczarniach<\/p>\n<\/li>\n<li data-section-id=\"hq467f\" data-start=\"2897\" data-end=\"2927\">\n<p data-start=\"2899\" data-end=\"2927\">gospodarstwach hodowlanych<\/p>\n<\/li>\n<li data-section-id=\"vkgs89\" data-start=\"2928\" data-end=\"2945\">\n<p data-start=\"2930\" data-end=\"2945\">fermach owiec<\/p>\n<\/li>\n<li data-section-id=\"1iahurw\" data-start=\"2946\" data-end=\"2970\">\n<p data-start=\"2948\" data-end=\"2970\">gospodarstwach rolnych<\/p>\n<\/li>\n<\/ul>\n<p data-start=\"2972\" data-end=\"3067\">Narz\u0119dzie sprawdza si\u0119 zar\u00f3wno w ma\u0142ych gospodarstwach rodzinnych, jak i w wi\u0119kszych hodowlach.<\/p>\n<h2 data-section-id=\"1lx2mvm\" data-start=\"3069\" data-end=\"3101\">Numerator znakuj\u0105cy dla byd\u0142a &#8211; Znaczenie oznaczania zwierz\u0105t<\/h2>\n<p data-start=\"3103\" data-end=\"3301\">Odpowiednie oznaczanie zwierz\u0105t ma du\u017ce znaczenie dla organizacji pracy w gospodarstwie. Dzi\u0119ki systemowi identyfikacji hodowca mo\u017ce szybciej odnale\u017a\u0107 konkretne zwierz\u0119 oraz monitorowa\u0107 jego rozw\u00f3j.<\/p>\n<p data-start=\"3303\" data-end=\"3338\">System oznaczania pomaga r\u00f3wnie\u017c w:<\/p>\n<ul data-start=\"3340\" data-end=\"3475\">\n<li data-section-id=\"1eor99n\" data-start=\"3340\" data-end=\"3379\">\n<p data-start=\"3342\" data-end=\"3379\">prowadzeniu dokumentacji hodowlanej<\/p>\n<\/li>\n<li data-section-id=\"18drhai\" data-start=\"3380\" data-end=\"3409\">\n<p data-start=\"3382\" data-end=\"3409\">kontroli zdrowia zwierz\u0105t<\/p>\n<\/li>\n<li data-section-id=\"75kl72\" data-start=\"3410\" data-end=\"3446\">\n<p data-start=\"3412\" data-end=\"3446\">organizowaniu grup produkcyjnych<\/p>\n<\/li>\n<li data-section-id=\"xz8oox\" data-start=\"3447\" data-end=\"3475\">\n<p data-start=\"3449\" data-end=\"3475\">planowaniu dalszej hodowli<\/p>\n<\/li>\n<\/ul>\n<p data-start=\"3477\" data-end=\"3541\">Dzi\u0119ki temu zarz\u0105dzanie stadem staje si\u0119 bardziej uporz\u0105dkowane.<\/p>\n<h2 data-section-id=\"m0angn\" data-start=\"3543\" data-end=\"3575\">Najwa\u017cniejsze zalety produktu<\/h2>\n<p data-start=\"3577\" data-end=\"3627\">Numerator znakuj\u0105cy dla byd\u0142a posiada wiele zalet:<\/p>\n<ul data-start=\"3629\" data-end=\"3758\">\n<li data-section-id=\"uiilep\" data-start=\"3629\" data-end=\"3646\">\n<p data-start=\"3631\" data-end=\"3646\">d\u0142ugo\u015b\u0107 120 cm<\/p>\n<\/li>\n<li data-section-id=\"wvkdai\" data-start=\"3647\" data-end=\"3666\">\n<p data-start=\"3649\" data-end=\"3666\">wygodna obs\u0142uga<\/p>\n<\/li>\n<li data-section-id=\"58e94j\" data-start=\"3667\" data-end=\"3690\">\n<p data-start=\"3669\" data-end=\"3690\">solidna konstrukcja<\/p>\n<\/li>\n<li data-section-id=\"11hew3p\" data-start=\"3691\" data-end=\"3722\">\n<p data-start=\"3693\" data-end=\"3722\">szybkie oznaczanie zwierz\u0105t<\/p>\n<\/li>\n<li data-section-id=\"1sppy31\" data-start=\"3723\" data-end=\"3758\">\n<p data-start=\"3725\" data-end=\"3758\">praktyczne zastosowanie w hodowli<\/p>\n<\/li>\n<\/ul>\n<h2 data-section-id=\"199q894\" data-start=\"3760\" data-end=\"3798\">Praktyczne wyposa\u017cenie gospodarstwa<\/h2>\n<p data-start=\"3800\" data-end=\"3988\">Numerator znakuj\u0105cy dla owiec i jagni\u0105t to proste, ale bardzo przydatne narz\u0119dzie w codziennej pracy hodowcy. Umo\u017cliwia szybkie oznaczanie zwierz\u0105t oraz pomaga w lepszej organizacji stada.<\/p>\n<div class=\"flex flex-col text-sm pb-25\">\n<article class=\"text-token-text-primary w-full focus:outline-none [--shadow-height:45px] has-data-writing-block:pointer-events-none has-data-writing-block:-mt-(--shadow-height) has-data-writing-block:pt-(--shadow-height) [&amp;:has([data-writing-block])&gt;*]:pointer-events-auto scroll-mt-[calc(var(--header-height)+min(200px,max(70px,20svh)))]\" dir=\"auto\" tabindex=\"-1\" data-turn-id=\"request-69a59e27-8d68-8397-af93-742762dd910a-12\" data-testid=\"conversation-turn-138\" data-scroll-anchor=\"true\" data-turn=\"assistant\">\n<div class=\"text-base my-auto mx-auto pb-10 [--thread-content-margin:var(--thread-content-margin-xs,calc(var(--spacing)*4))] @w-sm\/main:[--thread-content-margin:var(--thread-content-margin-sm,calc(var(--spacing)*6))] @w-lg\/main:[--thread-content-margin:var(--thread-content-margin-lg,calc(var(--spacing)*16))] px-(--thread-content-margin)\">\n<div class=\"[--thread-content-max-width:40rem] @w-lg\/main:[--thread-content-max-width:48rem] mx-auto max-w-(--thread-content-max-width) flex-1 group\/turn-messages focus-visible:outline-hidden relative flex w-full min-w-0 flex-col agent-turn\" tabindex=\"-1\">\n<div class=\"flex max-w-full flex-col gap-4 grow\">\n<div class=\"min-h-8 text-message relative flex w-full flex-col items-end gap-2 text-start break-words whitespace-normal [.text-message+&amp;]:mt-1\" dir=\"auto\" data-message-author-role=\"assistant\" data-message-id=\"630d1ac8-6e37-4497-aa64-903039a77751\" data-message-model-slug=\"gpt-5-3\">\n<div class=\"flex w-full flex-col gap-1 empty:hidden\">\n<div class=\"markdown prose dark:prose-invert w-full wrap-break-word light markdown-new-styling\">\n<h2 data-section-id=\"1eipvlt\" data-start=\"139\" data-end=\"196\">Dlaczego oznaczanie zwierz\u0105t jest tak wa\u017cne w hodowli?<\/h2>\n<p data-start=\"198\" data-end=\"586\">W nowoczesnych gospodarstwach hodowlanych prawid\u0142owa identyfikacja zwierz\u0105t jest jednym z podstawowych element\u00f3w zarz\u0105dzania stadem. Dzi\u0119ki odpowiedniemu oznaczaniu hodowca mo\u017ce \u0142atwo rozpoznawa\u0107 poszczeg\u00f3lne sztuki oraz prowadzi\u0107 dok\u0142adn\u0105 dokumentacj\u0119 hodowlan\u0105. W przypadku wi\u0119kszych stad owiec szybka identyfikacja zwierz\u0119cia pozwala znacznie usprawni\u0107 codzienn\u0105 prac\u0119 w gospodarstwie.<\/p>\n<p data-start=\"588\" data-end=\"1011\">Oznaczanie zwierz\u0105t jest szczeg\u00f3lnie wa\u017cne podczas kontroli zdrowia, szczepie\u0144, selekcji hodowlanej czy planowania rozrodu. Dzi\u0119ki wyra\u017anym oznaczeniom hodowca mo\u017ce \u0142atwo okre\u015bli\u0107 wiek zwierz\u0119cia, jego pochodzenie lub przynale\u017cno\u015b\u0107 do okre\u015blonej grupy produkcyjnej. W wielu gospodarstwach oznaczenia pomagaj\u0105 r\u00f3wnie\u017c w prowadzeniu dok\u0142adnych zapis\u00f3w dotycz\u0105cych wydajno\u015bci, przyrost\u00f3w masy cia\u0142a czy stanu zdrowia zwierz\u0105t.<\/p>\n<p data-start=\"1013\" data-end=\"1258\">Stosowanie narz\u0119dzi takich jak numerator pozwala w prosty spos\u00f3b uporz\u0105dkowa\u0107 system identyfikacji zwierz\u0105t. Dzi\u0119ki temu hodowca mo\u017ce szybko odnale\u017a\u0107 konkretne zwierz\u0119 w stadzie, co jest szczeg\u00f3lnie przydatne podczas codziennych prac w owczarni.<\/p>\n<h2 data-section-id=\"9u6bl3\" data-start=\"1260\" data-end=\"1316\">Zastosowanie numerator\u00f3w w gospodarstwach hodowlanych<\/h2>\n<p data-start=\"1318\" data-end=\"1692\">Numeratory znakuj\u0105ce s\u0105 narz\u0119dziami, kt\u00f3re od wielu lat wykorzystywane s\u0105 w hodowli zwierz\u0105t gospodarskich. Ich prostota oraz skuteczno\u015b\u0107 sprawiaj\u0105, \u017ce nadal pozostaj\u0105 jednym z najpopularniejszych sposob\u00f3w oznaczania zwierz\u0105t w stadzie. Narz\u0119dzia tego typu s\u0105 \u0142atwe w obs\u0142udze i pozwalaj\u0105 na szybkie wykonanie oznaczenia bez konieczno\u015bci stosowania skomplikowanych urz\u0105dze\u0144.<\/p>\n<p data-start=\"1694\" data-end=\"2107\">W gospodarstwach hodowlanych numeratory wykorzystywane s\u0105 przede wszystkim do oznaczania owiec oraz jagni\u0105t. Dzi\u0119ki nim mo\u017cliwe jest oznaczanie poszczeg\u00f3lnych zwierz\u0105t numerami identyfikacyjnymi, kt\u00f3re u\u0142atwiaj\u0105 ich rozpoznawanie podczas pracy w gospodarstwie. Narz\u0119dzie to sprawdza si\u0119 szczeg\u00f3lnie w stadach licz\u0105cych wi\u0119ksz\u0105 liczb\u0119 zwierz\u0105t, gdzie szybka identyfikacja poszczeg\u00f3lnych sztuk ma ogromne znaczenie.<\/p>\n<p data-start=\"2109\" data-end=\"2531\" data-is-last-node=\"\" data-is-only-node=\"\">Stosowanie numerator\u00f3w jest tak\u017ce pomocne podczas organizowania zwierz\u0105t w r\u00f3\u017cnych grupach hodowlanych. Hodowcy cz\u0119sto oznaczaj\u0105 zwierz\u0119ta przeznaczone do dalszej hodowli, sprzeda\u017cy lub odchowu. Dzi\u0119ki temu zarz\u0105dzanie stadem staje si\u0119 bardziej przejrzyste i uporz\u0105dkowane. W\u0142a\u015bnie dlatego numeratory znakuj\u0105ce s\u0105 praktycznym i cz\u0119sto wykorzystywanym narz\u0119dziem w nowoczesnych gospodarstwach zajmuj\u0105cych si\u0119 hodowl\u0105 owiec.<\/p>\n<\/div>\n<\/div>\n<\/div>\n<\/div>\n<div class=\"z-0 flex min-h-[46px] justify-start\"><\/div>\n<div class=\"mt-3 w-full empty:hidden\">\n<div class=\"text-center\"><\/div>\n<\/div>\n<\/div>\n<\/div>\n<\/article>\n<\/div>\n<div class=\"pointer-events-none h-px w-px absolute bottom-0\" aria-hidden=\"true\" data-edge=\"true\"><\/div>\n","protected":false},"excerpt":{"rendered":"<p>Numerator znakuj\u0105cy dla owiec i jagni\u0105t o d\u0142ugo\u015bci 11 cm. Przeznaczony do oznaczania zwierz\u0105t w stadzie. Solidna konstrukcja umo\u017cliwia wygodne i szybkie znakowanie zwierz\u0105t hodowlanych.<\/p>\n","protected":false},"featured_media":3206,"comment_status":"open","ping_status":"closed","template":"","meta":[],"product_brand":[],"product_cat":[327],"product_tag":[794,793,789,797,792,796,795,790,798,791],"class_list":{"0":"post-3239","1":"product","2":"type-product","3":"status-publish","4":"has-post-thumbnail","6":"product_cat-sprzet-do-hodowli-zwierzat","7":"product_tag-narzedzie-do-znakowania-owiec","8":"product_tag-numerator-dla-jagniat","9":"product_tag-numerator-dla-owiec","10":"product_tag-numerator-hodowlany-owce","11":"product_tag-oznaczanie-owiec-w-stadzie","12":"product_tag-oznaczanie-zwierzat-gospodarskich","13":"product_tag-sprzet-hodowlany-owce","14":"product_tag-stempel-dla-owiec","15":"product_tag-stempel-hodowlany-dla-owiec","16":"product_tag-znakowanie-owiec","18":"first","19":"instock","20":"shipping-taxable","21":"purchasable","22":"product-type-simple"},"_links":{"self":[{"href":"https:\/\/rollnikow.you2.pl\/index.php\/wp-json\/wp\/v2\/product\/3239","targetHints":{"allow":["GET"]}}],"collection":[{"href":"https:\/\/rollnikow.you2.pl\/index.php\/wp-json\/wp\/v2\/product"}],"about":[{"href":"https:\/\/rollnikow.you2.pl\/index.php\/wp-json\/wp\/v2\/types\/product"}],"replies":[{"embeddable":true,"href":"https:\/\/rollnikow.you2.pl\/index.php\/wp-json\/wp\/v2\/comments?post=3239"}],"version-history":[{"count":2,"href":"https:\/\/rollnikow.you2.pl\/index.php\/wp-json\/wp\/v2\/product\/3239\/revisions"}],"predecessor-version":[{"id":3242,"href":"https:\/\/rollnikow.you2.pl\/index.php\/wp-json\/wp\/v2\/product\/3239\/revisions\/3242"}],"wp:featuredmedia":[{"embeddable":true,"href":"https:\/\/rollnikow.you2.pl\/index.php\/wp-json\/wp\/v2\/media\/3206"}],"wp:attachment":[{"href":"https:\/\/rollnikow.you2.pl\/index.php\/wp-json\/wp\/v2\/media?parent=3239"}],"wp:term":[{"taxonomy":"product_brand","embeddable":true,"href":"https:\/\/rollnikow.you2.pl\/index.php\/wp-json\/wp\/v2\/product_brand?post=3239"},{"taxonomy":"product_cat","embeddable":true,"href":"https:\/\/rollnikow.you2.pl\/index.php\/wp-json\/wp\/v2\/product_cat?post=3239"},{"taxonomy":"product_tag","embeddable":true,"href":"https:\/\/rollnikow.you2.pl\/index.php\/wp-json\/wp\/v2\/product_tag?post=3239"}],"curies":[{"name":"wp","href":"https:\/\/api.w.org\/{rel}","templated":true}]}}